e prime factors of 68395?
5, 13679
What are the prime factors of 20915?
5, 47, 89
List the prime factors of 18828.
2, 3, 523
List the prime factors of 5065.
5, 1013
What are the prime factors of 1501?
19, 79
List the prime factors of 91.
7, 13
What are the prime factors of 20556?
2, 3, 571
List the prime factors of 327.
3, 109
What are the prime factors of 116495?
5, 23, 1013
List the prime factors of 16258.
2, 11, 739
List the prime factors of 70162.
2, 35081
What are the prime factors of 562?
2, 281
What are the prime factors of 7488?
2, 3, 13
List the prime factors of 389.
389
List the prime factors of 11366.
2, 5683
List the prime factors of 3393.
3, 13, 29
What are the prime factors of 7553?
7, 13, 83
What are the prime factors of 1399?
1399
List the prime factors of 5615.
5, 1123
List the prime factors of 26351.
13, 2027
What are the prime factors of 1201?
1201
List the prime factors of 10578.
2, 3, 41, 43
List the prime factors of 1109.
1109
What are the prime factors of 295?
5, 59
List the prime factors of 2768.
2, 173
List the prime factors of 11378.
2, 5689
List the prime factors of 825.
3, 5, 11
List the prime factors of 746.
2, 373
What are the prime factors of 3490?
2, 5, 349
List the prime factors of 94360.
2, 5, 7, 337
What are the prime factors of 38130?
2, 3, 5, 31, 41
What are the prime factors of 2438?
2, 23, 53
List the prime factors of 31100.
2, 5, 311
List the prime factors of 15196.
2, 29, 131
What are the prime factors of 2229?
3, 743
List the prime factors of 1225.
5, 7
What are the prime factors of 20016?
2, 3, 139
List the prime factors of 1150.
2, 5, 23
List the prime factors of 5082.
2, 3, 7, 11
List the prime factors of 18687.
3, 6229
List the prime factors of 4149.
3, 461
List the prime factors of 788.
2, 197
What are the prime factors of 3320?
2, 5, 83
List the prime factors of 3873.
3, 1291
List the prime factors of 168.
2, 3, 7
What are the prime factors of 96617?
79, 1223
List the prime factors of 50916.
2, 3, 4243
List the prime factors of 129693.
3, 17, 2543
List the prime factors of 2263.
31, 73
What are the prime factors of 19718?
2, 9859
What are the prime factors of 280?
2, 5, 7
What are the prime factors of 81475?
5, 3259
What are the prime factors of 6574?
2, 19, 173
List the prime factors of 9483.
3, 29, 109
List the prime factors of 853.
853
What are the prime factors of 35525?
5, 7, 29
What are the prime factors of 5592?
2, 3, 233
What are the prime factors of 89263?
23, 3881
List the prime factors of 6495.
3, 5, 433
What are the prime factors of 9563?
73, 131
What are the prime factors of 1927?
41, 47
List the prime factors of 1046.
2, 523
List the prime factors of 3616.
2, 113
List the prime factors of 6681.
3, 17, 131
List the prime factors of 46714.
2, 23357
What are the prime factors of 4175?
5, 167
List the prime factors of 7676.
2, 19, 101
List the prime factors of 3747.
3, 1249
What are the prime factors of 10174?
2, 5087
What are the prime factors of 31533?
3, 23, 457
List the prime factors of 1619.
1619
What are the prime factors of 19200?
2, 3, 5
List the prime factors of 804.
2, 3, 67
What are the prime factors of 69?
3, 23
List the prime factors of 19607.
7, 2801
What are the prime factors of 10925?
5, 19, 23
What are the prime factors of 133782?
2, 3, 11, 2027
List the prime factors of 1167.
3, 389
List the prime factors of 1284.
2, 3, 107
List the prime factors of 702.
2, 3, 13
What are the prime factors of 223?
223
List the prime factors of 576.
2, 3
What are the prime factors of 12148?
2, 3037
List the prime factors of 1176.
2, 3, 7
What are the prime factors of 1212?
2, 3, 101
What are the prime factors of 1175?
5, 47
List the prime factors of 1028.
2, 257
What are the prime factors of 10226?
2, 5113
List the prime factors of 1074.
2, 3, 179
List the prime factors of 74903.
74903
List the prime factors of 1731.
3, 577
What are the prime factors of 139664?
2, 7, 29, 43
List the prime factors of 2240.
2, 5, 7
List the prime factors of 896.
2, 7
What are the prime factors of 3471?
3, 13, 89
What are the prime factors of 11411?
11411
What are the prime factors of 230?
2, 5, 23
List the prime factors of 9938.
2, 4969
What are the prime factors of 672?
2, 3, 7
What are the prime factors of 889?
7, 127
What are the prime factors of 119236?
2, 13, 2293
What are the prime factors of 245?
5, 7
List the prime factors of 5643.
3, 11, 19
What are the prime factors of 2764?
2, 691
What are the prime factors of 976?
2, 61
List the prime factors of 30142.
2, 7, 2153
What are the prime factors of 1331?
11
What are the prime factors of 1348?
2, 337
List the prime factors of 567.
3, 7
What are the prime factors of 754?
2, 13, 29
What are the prime factors of 6259?
11, 569
What are the prime factors of 84459?
3, 47, 599
What are the prime factors of 71659?
7, 29, 353
List the prime factors of 1113.
3, 7, 53
List the prime factors of 3370.
2, 5, 337
List the prime factors of 27224.
2, 41, 83
What are the prime factors of 4000?
2, 5
What are the prime factors of 2391?
3, 797
List the prime factors of 2474.
2, 1237
List the prime factors of 3452.
2, 863
What are the prime factors of 25849?
25849
What are the prime factors of 3434?
2, 17, 101
What are the prime factors of 12331?
11, 19, 59
What are the prime factors of 1008?
2, 3, 7
What are the prime factors of 89619?
3, 29873
List the prime factors of 3118.
2, 1559
List the prime factors of 18480.
2, 3, 5, 7, 11
What are the prime factors of 4208?
2, 263
List the prime factors of 758.
2, 379
List the prime factors of 13868.
2, 3467
What are the prime factors of 5713?
29, 197
What are the prime factors of 466?
2, 233
What are the prime factors of 67?
67
List the prime factors of 4492.
2, 1123
List the prime factors of 16300.
2, 5, 163
What are the prime factors of 3385?
5, 677
List the prime factors of 1412.
2, 353
What are the prime factors of 422?
2, 211
List the prime factors of 24584.
2, 7, 439
List the prime factors of 74522.
2, 7, 5323
What are the prime factors of 1241?
17, 73
List the prime factors of 66.
2, 3, 11
List the prime factors of 3891.
3, 1297
What are the prime factors of 22060?
2, 5, 1103
What are the prime factors of 8728?
2, 1091
What are the prime factors of 18803?
18803
What are the prime factors of 15155?
5, 7, 433
List the prime factors of 2537.
43, 59
List the prime factors of 5648.
2, 353
List the prime factors of 4710.
2, 3, 5, 157
List the prime factors of 2494.
2, 29, 43
List the prime factors of 4158.
2, 3, 7, 11
What are the prime factors of 6390?
2, 3, 5, 71
List the prime factors of 28411.
28411
List the prime factors of 3221.
3221
What are the prime factors of 977?
977
What are the prime factors of 203?
7, 29
What are the prime factors of 2284?
2, 571
What are the prime factors of 3833?
3833
What are the prime factors of 18601?
11, 19, 89
What are the prime factors of 6?
2, 3
List the prime factors of 47497.
47497
What are the prime factors of 17690?
2, 5, 29, 61
What are the prime factors of 6170?
2, 5, 617
What are the prime factors of 40854?
2, 3, 11, 619
What are the prime factors of 17794?
2, 7, 31, 41
List the prime factors of 6479.
11, 19, 31
List the prime factors of 19547.
11, 1777
What are the prime factors of 35218?
2, 17609
What are the prime factors of 5161?
13, 397
List the prime factors of 3087.
3, 7
What are the prime factors of 73517?
73517
What are the prime factors of 1082?
2, 541
List the prime factors of 5460.
2, 3, 5, 7, 13
What are the prime factors of 1624?
2, 7, 29
What are the prime factors of 15026?
2, 11, 683
List the prime factors of 48109.
48109
List the prime factors of 82851.
3, 27617
What are the prime factors of 571?
571
What are the prime factors of 1218?
2, 3, 7, 29
What are the prime factors of 13676?
2, 13, 263
List the prime factors of 182221.
13, 107, 131
What are the prime factors of 311?
311
List the prime factors of 149331.
3, 7, 13, 547
List the prime factors of 18454.
2, 9227
List the prime factors of 33402.
2, 3, 19, 293
What are the prime factors of 255?
3, 5, 17
What are the prime factors of 64036?
2, 7, 2287
What are the prime factors of 1717?
17, 101
What are the prime factors of 919?
919
What are the prime factors of 69058?
2, 11, 43, 73
What are the prime factor